mon divisor of 145527 and 1074.
537
Calculate the greatest common factor of 88 and 10538.
22
Calculate the highest common divisor of 372 and 17.
1
Calculate the greatest common divisor of 399 and 6.
3
What is the greatest common divisor of 29116 and 244976?
1004
What is the greatest common divisor of 7965 and 72?
9
Calculate the greatest common divisor of 281 and 465617.
281
What is the greatest common factor of 20516 and 11753?
23
What is the greatest common divisor of 12402 and 29250?
234
What is the greatest common factor of 17063 and 25?
1
Calculate the highest common divisor of 414 and 44643.
69
What is the greatest common factor of 3 and 13010?
1
Calculate the highest common divisor of 476 and 285362.
238
What is the greatest common divisor of 5 and 11905?
5
Calculate the greatest common factor of 10235 and 6325.
115
What is the greatest common factor of 346356 and 20311?
1069
Calculate the greatest common factor of 177 and 147.
3
What is the highest common divisor of 614420 and 1550?
310
What is the highest common divisor of 278 and 32?
2
What is the greatest common factor of 9591 and 621?
69
Calculate the greatest common divisor of 473 and 1404337.
473
Calculate the greatest common divisor of 10548 and 266044.
1172
What is the highest common divisor of 352 and 1606?
22
What is the greatest common factor of 104724 and 324?
36
What is the greatest common divisor of 208 and 130?
26
What is the highest common divisor of 217267 and 501?
167
Calculate the highest common factor of 1062 and 28890.
18
What is the greatest common divisor of 378 and 24?
6
Calculate the greatest common factor of 5382 and 559962.
234
Calculate the greatest common factor of 1908816 and 874.
874
Calculate the highest common factor of 41 and 182614.
41
Calculate the highest common divisor of 251697 and 159.
159
What is the greatest common factor of 125 and 334325?
25
Calculate the greatest common divisor of 116436 and 8138.
626
Calculate the highest common factor of 63494 and 16173.
599
What is the highest common factor of 233553 and 613?
613
Calculate the highest common factor of 115052 and 196.
196
Calculate the highest common divisor of 80959 and 19.
19
Calculate the highest common divisor of 119 and 826693.
119
What is the highest common factor of 60 and 109551?
3
Calculate the greatest common factor of 369195 and 345.
15
What is the greatest common divisor of 588 and 1862?
98
What is the highest common divisor of 1822635 and 4696?
587
What is the highest common divisor of 3607576 and 98?
98
What is the highest common factor of 12177 and 12339?
27
What is the highest common factor of 125910 and 6?
6
What is the highest common factor of 390648 and 369?
123
Calculate the greatest common divisor of 504 and 20538.
126
Calculate the highest common factor of 1943 and 7424.
29
What is the greatest common factor of 3794 and 2338?
14
What is the greatest common divisor of 1413 and 32342?
157
Calculate the greatest common factor of 116589 and 33.
33
Calculate the greatest common factor of 142 and 535908.
142
Calculate the greatest common factor of 2685 and 21.
3
What is the greatest common factor of 366676 and 4796?
436
What is the greatest common divisor of 296 and 300?
4
Calculate the greatest common factor of 2 and 301979.
1
Calculate the greatest common factor of 3796370 and 568.
142
Calculate the greatest common divisor of 36 and 38331.
9
What is the highest common divisor of 72 and 27616?
8
Calculate the highest common factor of 120 and 130440.
120
Calculate the greatest common divisor of 127683 and 1107.
27
Calculate the highest common divisor of 1632 and 17184.
96
What is the highest common factor of 25499 and 215?
43
Calculate the greatest common factor of 87752 and 434.
14
What is the greatest common divisor of 7 and 4963?
7
What is the greatest common factor of 1750 and 29540?
70
Calculate the greatest common divisor of 389292 and 48.
12
Calculate the highest common factor of 5143 and 51013.
139
What is the highest common factor of 1648086 and 99?
33
What is the highest common factor of 56 and 52010?
14
Calculate the greatest common divisor of 34189 and 67996.
191
Calculate the greatest common factor of 8036 and 1063048.
1148
What is the highest common factor of 42 and 1491294?
42
What is the greatest common factor of 98933 and 13589?
127
Calculate the highest common divisor of 3768 and 2376.
24
What is the highest common divisor of 7776 and 945432?
648
Calculate the greatest common factor of 3921309 and 2814.
1407
What is the highest common factor of 110 and 5050?
10
Calculate the greatest common factor of 39 and 3177746.
13
Calculate the highest common divisor of 35 and 3239285.
35
Calculate the highest common factor of 42200 and 400.
200
What is the greatest common factor of 5100 and 3660?
60
What is the greatest common factor of 61 and 1489864?
61
What is the highest common divisor of 990 and 51678?
198
What is the highest common divisor of 15538 and 3656?
914
What is the highest common factor of 2241519 and 21?
21
What is the greatest common divisor of 45 and 478809?
9
What is the greatest common factor of 1659 and 204?
3
What is the highest common factor of 53275 and 250?
25
What is the greatest common divisor of 546 and 59178?
42
Calculate the highest common divisor of 342893 and 19.
19
What is the highest common factor of 7008 and 136?
8
Calculate the highest common factor of 53004 and 168.
84
Calculate the greatest common factor of 820 and 30.
10
Calculate the highest common divisor of 119757 and 5016.
627
Calculate the highest common factor of 60 and 50970.
30
What is the highest common divisor of 11515 and 5264?
329
What is the highest common factor of 952756 and 504?
28
What is the greatest common divisor of 1919974 and 28?
14
Calculate the highest common divisor of 702 and 3874.
26
Calculate the highest common divisor of 59080 and 1750.
70
What is the highest common divisor of 2770 and 310?
10
What is the greatest common factor of 15 and 1902?
3
What is the greatest common factor of 322 and 4462?
46
Calculate the greatest common factor of 378 and 2263086.
378
Calculate the highest common divisor of 83 and 8549.
83
Calculate the greatest common divisor of 9642710 and 539.
539
What is the highest common divisor of 1705 and 15655?
155
What is the highest common factor of 47 and 676283?
47
What is the greatest common divisor of 65835 and 1596?
399
What is the highest common divisor of 18548 and 4?
4
Calculate the highest common divisor of 3636 and 5742.
18
Calculate the highest common factor of 640 and 2140.
20
Calculate the highest common divisor of 4884 and 1716.
132
What is the greatest common factor of 519178 and 22?
22
Calculate the highest common factor of 26 and 380770.
26
Calculate the highest common divisor of 493168 and 13.
13
What is the greatest common divisor of 96 and 46888?
8
What is the greatest common factor of 8993 and 2346?
391
Calculate the greatest common factor of 45 and 214155.
45
What is the greatest common divisor of 1932 and 36120?
84
Calculate the highest common divisor of 1433736 and 144.
72
What is the greatest common factor of 6988 and 4?
4
Calculate the greatest common factor of 27 and 798363.
27
Calculate the greatest common factor of 600 and 9984.
24
What is the highest common divisor of 132822 and 90?
18
Calculate the highest common divisor of 19900 and 58108.
796
What is the highest common factor of 97775 and 5?
5
What is the greatest common factor of 58068 and 24?
12
Calculate the highest common divisor of 2112 and 258.
6
What is the greatest common divisor of 251 and 3273?
1
Calculate the highest common divisor of 1037 and 9469.
17
What is the greatest common divisor of 5215 and 23170?
35
Calculate the highest common divisor of 229881 and 185.
37
Calculate the greatest common factor of 177757 and 149.
149
Calculate the highest common factor of 66 and 32835.
33
Calculate the greatest common divisor of 1309884 and 68.
68
What is the highest common factor of 103960 and 1000?
40
Calculate the highest common factor of 178 and 1327524.
178
What is the highest common divisor of 123873 and 1578?
789
What is the highest common divisor of 2074 and 7442?
122
Calculate the highest common factor of 162 and 432486.
54
What is 